
-3 + -3 + (3 - 1)
-4
What is the value of -5 - ((3 + -2 - -4) + -5)?
-5
3 + 1 + 0 + (23 - 30)
-3
Calculate -5 + (-2 - (3 + -9 - 0)).
-1
-5 + -9 + 12 + 1
-1
What is the value of 5 + (-5 - -6) + 1?
7
Evaluate -7 - -5 - 7 - -4.
-5
What is (-5 - -1) + (3 + -1 - -7)?
5
-1 + -3 - -5 - (-2 + 0)
3
Calculate 1 - (-2 + 5) - -3.
1
Evaluate 2 + (4 - (2 + 8 + -2)).
-2
Evaluate (12 - 0) + (-200 - -197).
9
Evaluate 2 + -3 + -10 - -3 - -14.
6
Evaluate 2 + -5 - (-5 + 2 + 9).
-9
What is 3 - (6 - (4 - -2)) - 2?
1
Calculate -2 + 1 + (-7 - -7 - -2).
1
What is the value of -5 + (2 - (8 + -14))?
3
What is (-5 - ((2 - 2) + -2)) + 2?
-1
What is the value of (5 - (-4 - -7)) + 0 + -1?
1
Calculate -6 + (-7 - -4 - -3).
-6
Calculate 7 - (12 - (7 - 7 - 4)).
-9
-3 - (1 + (4 - 4))
-4
-2 + 6 - (1 - -4 - 6)
5
Evaluate -50 + 52 + (-1 - 0) + -1.
0
Evaluate (7 - (7 + -4)) + 4 - 7.
1
What is (6 - 0) + -10 - -10?
6
18 + (-5 + -8 - -3)
8
Evaluate -411 + 407 + 3 + 0 + 0.
-1
What is the value of (11 - 7) + -10 + 1?
-5
What is -1 + 6 + -8 - (-4 - 2)?
3
What is the value of -5 + (4 - (4 - (1 + 3)))?
-1
What is the value of (-3 - 2) + 2 - 3?
-6
Evaluate (1 - 1) + 1 + -3 + -1.
-3
Evaluate (-6 - 1) + (37 - 34).
-4
What is -11 + 6 - -14 - 6?
3
Calculate -13 - 11 - -4 - -11.
-9
Evaluate -2 + (-5 - -8) - -2 - -3.
6
What is 3 + -4 + 2 + (1 - 4)?
-2
2 + 0 + 0 + (-7 - -1)
-4
What is (-6 - -9) + 2 + -5?
0
What is 0 + 0 - (-2 + 1)?
1
What is the value of 5 + 1 - 2 - (-66 - -73)?
-3
Evaluate 2 - (3 + 0) - -2.
1
Evaluate -2 + 3 - (4 + -8).
5
What is -2 + -6 + (13 - 3 - 7)?
-5
What is -1 + (1 - 0 - 2)?
-2
10 + (0 - 3) + -3
4
Calculate -4 - -11 - (8 + -2 - -1).
0
-1 + -5 - (20 + -11 + -7)
-8
Evaluate -4 + 2 + 7 + 6 + -8.
3
-12 - (-3 - (0 + 5)) - -12
8
-2 + 3 + 2 + -5 + -1
-3
Evaluate -10 + 8 + -7 - (-3 - -2).
-8
What is 1 - (-9 + 5) - 7?
-2
Calculate 0 - (2 + -7 + -2).
7
What is the value of (5 - (8 + -7)) + (-3 - 1)?
0
3 + -3 + (3 - 4)
-1
Calculate -7 + (-3 - (-13 + 6)).
-3
-6 + 1 + 2 + -3 - -5
-1
9 + -4 + (-3 - -2) + 1
5
Calculate (0 - -2) + (-8 - (-5 - 5)).
4
Calculate (-1 - 5) + 6 - (8 + 2).
-10
Calculate (6 + -14 - -12) + -6.
-2
What is -2 + (11 - 2) + (2 - 4)?
5
Evaluate -18 - -21 - (6 + -1).
-2
Evaluate -14 + 16 + -3 + 1.
0
Evaluate (0 - (0 - 2)) + (5 - 2).
5
What is the value of -92 + 101 - (1 - -6)?
2
What is the value of -1 + 3 + -6 + 1 + -2?
-5
What is the value of -6 + (-9 - (-9 - 5))?
-1
What is 10 + -9 - (-5 - (3 - 1))?
8
What is 13 + 12 + -6 + -3 + -8?
8
What is 1 + (0 + 1 - 3)?
-1
What is (2 - (0 + (0 - -2))) + -2?
-2
0 - ((4 + -2 - 8) + -1)
7
What is 4 + 0 + (1 - (2 + 1))?
2
Calculate 3 + (10 - (-9 - -22)).
0
Evaluate -9 - -2 - -8 - -2.
3
1 + -1 + (1 - (0 + -1))
2
(0 - -3) + (3 - (8 - -2))
-4
Calculate -13 + (36 - 8) - 5.
10
What is 11 + -4 + -1 + 0 + 1?
7
(-2 - 6) + 6 + 2
0
What is 8 + (2 - (-6 - -16)) - -8?
8
Evaluate (11 - 16 - -8) + -10 + -1.
-8
Evaluate 2 + (-8 - -1 - (-5 - -2)).
-2
Calculate -11 + 1 - (73 - 90).
7
What is 33 - 40 - (-11 - -1)?
3
-1 - (3 + -4 - 3)
3
Calculate 1 + 4 + -5 + -5.
-5
What is the value of -1 + -2 - (-3 + 3 - 1)?
-2
What is the value of (14 + -8 - 1) + 1 + -1?
5
Calculate 5 + (-4 - (3 - 3)).
1
Evaluate -5 + -7 + 5 + 4.
-3
What is the value of (-1 - -1) + 38 + -34 + -4?
0
(2 - -1 - 4) + -3 - -3
-1
Calculate 7 + (4 - 1) + -6.
4
Evaluate -5 - -15 - (6 + -1) - 1.
4
Evaluate 1 - (-2 + 1 - 1).
3
Evaluate (0 - (-4 - 0)) + 1.
5
What is the value of 5 - ((9 - 4) + -3 + -2)?
5
0 - 5 - (-16 + (-3 - -4))
10
-1 + (5 - -3) + -18 + 17
6
What is the value of -4 - ((-1 - 2) + -6)?
5
What is the value of (-17 - -8) + 1 - (1 - 9)?
0
What is the value of -9 + 9 - 6 - -10?
4
What is the value of 1 + (2 - -1) - (-4 + 3)?
5
What is the value of 0 - (7 - 0) - (-1 - 2)?
-4
What is 23 - 20 - (2 - (-2 - -4))?
3
Evaluate (4 - 3) + -2 - -7 - 3.
3
Calculate 10 - ((8 - 0) + -4).
6
Evaluate 2 + 0 - -2 - -1.
5
Calculate -7 + 8 + (-1 - 2) + -2.
-4
What is the value of -12 + (5 - -13) + -1 + -7?
-2
Calculate (7 - -5) + -7 + 0.
5
9 + 0 - (13 + -12) - 0
8
Evaluate -12 + (28 - 15) + 6.
7
-1 + (-5 - -6) + 3
3
What is the value of (-2 + -2 - -2) + -1 + 2?
-1
What is 6 - (-4 - 1 - (-21 + 5))?
-5
Calculate (1 - -2) + (1 - 6).
-2
Calculate (4 - 12) + 13 + -10.
-5
(3 + 0 - -6) + -2 + -3
4
What is -3 + (3 - -10) - 5?
5
Calculate 5 + -7 - (2 - (6 - 1)).
1
(62 - 64) + 2 + 1 + -3
-2
Evaluate 6 + 3 + (0 - 4).
5
What is the value of -3 - ((0 - -5) + -5 - 7)?
4
What is (-1 - -5) + -14 + 13?
3
What is the value of 7 + (-4 - 1 - -4)?
6
What is 2 + (-7 - (1 - 1))?
-5
Calculate -7 + 6 + -4 - 0.
-5
-4 - 4 - -6 - (0 - -2)
-4
What is the value of -1 - 3 - -2 - -4 - 5?
-3
(-5 - 0) + 0 + (-2 - -6)
-1
Calculate 9 + (-2 - 2) - 9.
-4
What is the value of 0 + -1 + (-6 - -10)?
3
-4 - (-2 - (2 + -2))
-2
Calculate 0 + 4 + (2 - (-1 - -2)).
5
What is (3 - 2) + -5 + 2?
-2
1 - (5 + -5 + 5)
-4
Evaluate 1 - (6 - (1 - 2)) - -15.
9
Calculate -1 - 2 - (-4 + 8).
-7
What is -6 + (0 - (0 + -2))?
-4
Calculate 10 + (-8 - (4 + -6)).
4
-2 - (-7 - -1) - (3 + 2)
-1
Evaluate 20 + -19 + (14 - 10).
5
What is 0 + -2 + (-2 - -3)?
-1
Calculate -1 + 6 + -1 + -1 + 0.
3
(1 - ((-3 - -4) + 1)) + 1
0
Evaluate (-12 - -17) + -12 + -1.
-8
3 + -5 - (-9 - (-2 + 1))
6
Calculate (9 - 6) + -1 + 2.
4
Evaluate 5 + -5 - (-6 + 1).
5
-19 + 13 - (-9 + 0)
3
What is (9 - (0 - -17)) + 8?
0
-3 - (1 + 5 + -7)
-2
Evaluate (10 - (-6 - -20)) + 11.
7
What is -8 - (2 - 5) - (-1 - -6)?
-10
What is the value of 13 + (-7 - 17 - -5)?
-6
What is -1 + -12 - (-7 + -1)?
-5
Evaluate (2 - -3) + -2 + 3 + -1.
5
Evaluate -6 + 5 + (1 - -3).
3
Evaluate 3 + (-2 - -6) + (-6 - 1).
0
Evaluate -4 + 6 + 1 - (0 - 0).
3
What is 2 + -2 + 5 + -3?
2
What is the value of (-5 + 3 - (-1 + 1)) + 1?
-1
Calculate -8 - (3 + 7 - 19).
1
What is 6 - (3 - (6 - 5))?
4
What is 3 - ((-5 - -12) + -4)?
0
What is the value of 7 - -1 - (-1 - (-3 - 1))?
5
What is the value of -2 - (-13 + 2 - (25 + -27))?
7
Calculate 0 + 2 + -1 + 1.
2
Evaluate 3 + (0 - (-2 + (-2 - -2))).
5
What is -5 - (6 + 4 - 9)?
-6
What is (-1 - (3 - 1 - 2)) + 3?
2
What is (-1 - -5) + -2 + -2 + 1?
1
What is -3 - (-1 + -8) - 5 - 0?
1
Calculate 2 + (-11 - -6) + 10.
7
Evaluate -3 + 1 + (-2 - -1).
-3
What is the value of (-10 + 2 + 2 - -16) + -6?
4
What is the value of 0 - (1 + -2 + 4) - -4?
1
What is the value of -2 + 5 + (-5 - -5) + 2?
5
What is the value of 7 + -6 + 3 + -2?
2
Calculate -1 - -8 - (20 + -18).
5
What is 1 - (2 + -6 - -3) - 4?
-2
Evaluate -4 + 11 - 6 - 8.
-7
Evaluate -1 + (2 - -5) + -6.
0
-7 - ((-6 - 3) + 7)
-5
What is 3 + (2 - -2) + -3?
4
What is the value of -17 + 22 + -3 + 1?
3
What is the value of (1 + 1 - (6 + -9)) + -3?
2
Calculate 5 - (22 + (7 - 16)).
-8
What is the value of 7 - (9 - -2) - 0?
-4
What is the value of 0 + (1 - 1 - (15 + -11))?
-4
Evaluate (6 - 6) + -4 + -3.
-7
Calculate -2 - (-9 - (4 + -3)).
8
(-6 - (-2 - (4 - 0))) + -5
-5
Calculate 6 - ((5 - 12) + 18).
-5
23 + -26 + (-2 - -6)
1
What is the value of -11 + 19 + -7 + -6?
-5
What is (3 - (-4 - -2)) + -6?
-1
-3 + (-52 + 46 - (0 + 0))
-9
Calculate 2 + 4 + -8 + 6.
4
What is (3 - (3 - -5) - 0) + 3?
-2
What is -4 + 4 + 1 - -2?
3
What is the value of (17 - (-2 - -4)) + (-16 - -8)?
7
6 + -4 + 5 - 3
4
Calculate 0 + (0 - -6 - 6).
0
What is the value of (-10 - (4 - 9)) + -2?
-7
7 + -4 - (0 - -6)
-3
-4 + 0 + (-6 - -4)
-6
What is the value of 7 - (0 + (2 - -1))?
4
1 + (6 - 11) + 2 - -7
5
What is 6 - (6 - -8) - -6?
-2
What is -4 + (-2 - (-10 - -4))?
0
(1 - 1) + (17 - (7 - -10))
0
Calculate 1 + -4 - (2 + -2 + -1).
-2
Calculate 1 - (7 - (16 + -4)).
6
Evaluate 53 + -60 + -2 + 0.
-9
Evaluate 2 + (5 - 4) - (1 - 2).
4
What is the value of -5 + -2 - (5 - 11)?
-1
What is the value of 2 + 3 + -8 - -6?
3
What is the value of 2 + -5 - (-1 + 0) - -5?
3
What is the value of -1 + 2 + 1 - (6 - 5)?
1
Evaluate 4 + (7 - 8) + 0.
3
Calculate 3 + -3 + -6 + 1 + 1.
-4
Calculate 1 + (-2 - 0) + -4 + -1.
-6
Evaluate -6 + (-5 + -1 - -7).
-5
What is the value of -3 - (-7 - (5 - 9))?
0
Evaluate 0 + -1 + (-36 - -37).
0
-1 + (-2 - -3) - (-2 + 0)
2
What is the value of 4 - (3 - (1 + 3))?
5
-28 + 34 - (7 + 1)
-2
What is the value of 11 - (-9 + 13) - 1?
6
What is the value of -2 + (17 - 11 - (2 - -1))?
1
What is the value of 1 - (-3 - ((-5 - -7) + -12))?
-6
Calculate -4 - (-4 - 1 - -2).
-1
What is -3 + -15 +